(i) = i**2 - 5*i + 2. Let l be 1*(-25)/10*8. Let s be (-11)/(-3) - (l/(-12) - 1). What is o(s)?
-4
Let d(p) = 44*p**3 - 11*p**2 + 9*p - 11. Let c(g) = -15 + 3*g + 2 + 7 + 22*g**3 - 6*g**2 + 2*g. Let q(a) = -11*c(a) + 6*d(a). What is q(1)?
21
Let p = 29 + -11. Let n = 21 - p. Let b(t) = -2 + n*t + 0*t - 2*t + 0*t. Give b(0).
-2
Suppose -2*h + 3*j = 1, j = -h - j + 3. Suppose 43 = 3*q - 4*z, -2*q - z = 3*z - 2. Let b(s) = -5*s + q*s - 6*s + 1. Determine b(h).
-1
Let h(i) = -i + 1. Let u(n) = 1 + 5 + 4 - 9. Let q(t) = h(t) + 4*u(t). Give q(3).
2
Let a(p) = p**2 + 10. Let r be (8/(-6))/(1/3). Let u be (-530)/45 + r/18. Let o = u + 12. Give a(o).
10
Let z be 74/6 + (-12)/(-18). Suppose -4*r + 5 = z. Let n be (-3 - -4)*(1 + r). Let g(w) = -2*w**3 + 2*w**2 + 2*w + 1. Give g(n).
3
Let f(r) = r**2 + 8*r + 2. Let y = 270 - 277. What is f(y)?
-5
Suppose 139*a = 137*a - 6. Let c(u) be the second derivative of u**3 - u**2/2 - u. Give c(a).
-19
Let d(p) = -19*p. Let o be 7/(385/10) + 40/22. Suppose 0 = -o*w + w + 3*n - 11, 0 = -3*w + 5*n - 17. What is d(w)?
-19
Let w(j) = -j**2 + 6*j - 3. Suppose -33 = -3*y + 30. Let u = -16 + y. Calculate w(u).
2
Let a(h) = 17767*h - 15 - 8883*h - 8888*h. Give a(-4).
1
Let n(v) = -2 + 5 - 1 + 2 + v**2 + 9*v. Give n(-8).
-4
Let q be (5*1)/((-4)/(-4)). Let l(n) = n**2 - 9*n - 5. Let g(h) = -h - 1. Let j(m) = 5*g(m) - l(m). What is j(q)?
-5
Suppose -2*o + 4 = b - 4*o, o + 20 = -4*b. Let f(r) be the third derivative of -11*r**2 + 0 + 1/12*r**4 + 0*r + 1/2*r**3. Calculate f(b).
-5
Let w(m) be the second derivative of m**4/12 - 2*m**3/3 + 2*m**2 - m + 21. What is w(2)?
0
Let a(k) = -k**2 - 2*k + 2. Let i(n) = n**2 + 2*n - 1. Let f(b) = 4*a(b) + 5*i(b). Let s = 35 + -19. Suppose 0 = 3*q - 7 + s. Determine f(q).
6
Suppose 3*r = 4*v + 8 - 3, 5*r - 11 = 4*v. Let n(f) = -2*f**3 + 5*f**r - 116 + 115. Calculate n(-1).
-4
Let x(p) = -3*p**2 - 199 + 200 - 182*p + 181*p + 2*p**2. What is x(-1)?
1
Let c be (-192)/(-36)*(-42)/(-8). Let z = c - -44. Let t(w) = 6 + 3 - 71*w**2 + z*w**2. What is t(0)?
9
Let y(j) = 8*j + 9. Let f = -295 - -292. Calculate y(f).
-15
Let l(v) = -3*v**2 + 2*v + 8. Let s(g) = -g**2 + g + 1. Let z(m) = l(m) - 2*s(m). Let j be -1 - -3*8/6. Suppose -j*w = -w. What is z(w)?
6
Let t(a) be the third derivative of a**8/20160 - a**7/1260 + a**6/180 - a**5/30 + 3*a**3/2 + 6*a**2 + 2*a. Let x(w) be the third derivative of t(w). Give x(5).
9
Suppose -3*o = 2*a - 8, 0 = -4*o - 6*a + 4*a + 12. Let w(n) = n**2 + 3. What is w(o)?
19
Let a(c) = 3*c**2 + 31*c + 7. Let x = -2 + -3. Let z(s) = 2*s**2 + 21*s + 5. Let v(j) = x*a(j) + 7*z(j). What is v(-7)?
7
Let r(t) = -t**2 - 4*t**2 + t**3 + 369 - 367 + 0*t**3 + 2*t. Give r(3).
-10
Let u be -1*(1 - (10 + 1)). Let k(i) = -i**3 + 11*i**2 - 14*i + 5. Calculate k(u).
-35
Suppose 10 = -a - 1. Let m(d) = 8*d + 5. Let j(c) be the first derivative of 15*c**2/2 + 9*c + 5. Let z(s) = a*m(s) + 6*j(s). Give z(2).
3
Let i be 0/(2/(1/1)). Let u(j) be the first derivative of j**3/3 + j**2/2 - 10*j - 202. Give u(i).
-10
Suppose 4*p = -p - 5*h + 40, 4*h - 38 = -5*p. Suppose 5*z - 3 = 27. Let c(u) = 0 + u**2 + 4 - u - 1 - z*u. Give c(p).
-3
Let i(s) = 6*s**3 + 2*s**2 + 4*s + 14. Let c(k) = -7*k**3 - 3*k**2 - 5*k - 16. Let b(t) = -5*c(t) - 6*i(t). Calculate b(3).
-1
Let m = -2470 - -2472. Let t(a) = -2*a**3 - 3*a**2 + 4*a - 3. Calculate t(m).
-23
Let f(u) be the first derivative of u**4/4 - 7*u**3/3 + 2*u**2 - u - 148. What is f(6)?
-13
Let c = 14 + -7. Suppose -c*f + 4*f = 12. Let l(v) = v**3 + 4*v**2 + 3*v + 5. Give l(f).
-7
Let r = 5 - 7. Let d(q) = 2*q**2 - 1. Let w(h) = -3*h**2 - h - 1. Let v(l) = -d(l) - w(l). Calculate v(r).
4
Let h(a) = 3*a**3 - 18*a**2 + 52*a + 62. Let l(r) = -r**3 + 5*r**2 - 18*r - 21. Let x(w) = -3*h(w) - 8*l(w). What is x(13)?
-5
Let d(m) = -m - 8. Let p be d(-13). Let f(z) = -5 - p + 0 + z. Give f(11).
1
Let d(j) = 2*j + 5. Let x be d(0). Suppose -x*y + 2*y = 0. Let z(l) = 4 - 12 - l + 0*l. Determine z(y).
-8
Suppose 3*z + 18 = 3*y, 0*z = 5*z + y + 36. Let l(j) = j**3 + 8*j**2 + 9*j + 5. Calculate l(z).
-9
Suppose 0 = 4*r - 3*x + 20, -x = -0*x. Let q be (r - -1) + (0 - 9). Let h = q + 10. Let y(w) = -w**3 - 5*w**2 - 4*w - 1. What is y(h)?
-7
Let f = -45 + 98. Let h(r) = -r**2 - 31*r + f*r + 5 - 32*r. Determine h(-10).
5
Let p(d) = -d**3 + 5*d**2 - 5*d - 2. Let k(g) = 2*g**3 - 10*g**2 + 10*g + 4. Let t(y) = -3*k(y) - 5*p(y). Give t(4).
-6
Let a = 53 + -52. Let v(t) = -16*t**2. Determine v(a).
-16
Let c be (11/3)/((-2)/(-6)). Let l(t) = c*t - 4*t + t. Suppose 2*a + 74 = -3*o + 69, -4*a = -2*o + 2. Calculate l(o).
-8
Let i(m) = 105 + 106 + 6*m - 220 - 19*m. Give i(-1).
4
Let a(l) = 11*l**2 + 15*l - 12. Let j(k) = -8*k**2 - 14*k + 11. Let s(r) = -3*a(r) - 4*j(r). Calculate s(10).
2
Let d = -1 - -1. Let x(o) = d*o - 3*o - 5 + 4*o - 3*o. Calculate x(5).
-15
Let j(m) be the first derivative of 0*m**2 + m - 1/4*m**4 + 24 - 1/3*m**3. Calculate j(0).
1
Let i(n) = 35*n**2 + 60*n + 10. Let u(k) = -12*k**2 - 17*k - 3. Let c(y) = 2*i(y) + 7*u(y). Give c(1).
-14
Let f(s) = -s. Let d(y) = -14*y - 4. Let m(n) = d(n) - 5*f(n). Calculate m(-3).
23
Let r(t) = t**3 - 8*t**2 + 7*t + 2. Let o = 405 - 400. Give r(o).
-38
Let w = 4 - 4. Let p(t) be the first derivative of t**3/3 - t**2/2 - t + 4. Let d(y) = -y**3 - 4*y**2 + 6*y + 9. Let z(k) = d(k) + 5*p(k). Give z(w).
4
Suppose 61*u = 104*u - 215. Let x(w) = -3 - 6*w + 3 + w**2 - 3. What is x(u)?
-8
Let x(k) = k**2 + 8*k - 2*k + 1 - 2*k - 6. Suppose 184 = 57*w - 11*w. Calculate x(w).
27
Let a(l) = l**2 + 5*l - 12. Let n be a(-7). Suppose -3*p + 11 + 4 = 0. Let h(q) = 6*q + q**3 - 6*q - 5 + p*q**n - 6*q. Give h(-6).
-5
Suppose -6*z = -2*z - 8. Let f = z + 3. Let s(t) = -f*t**3 - 7*t**2 + 0*t**3 - 9*t + 3*t + 4*t**3 + 8. Determine s(-6).
8
Let u(w) = -w**2 + 2*w + 1. Let s(h) = h + 7. Suppose -5*n - 13 = 2. Let o be s(n). Give u(o).
-7
Let p(w) = 13*w + 1. Let b be ((-6)/5)/((-3)/10). Let y(m) = m**3 + 3*m**2 - 3*m + 9. Let c be y(-4). Suppose c*j - b = j. Give p(j).
14
Suppose -4*w + 3 = -w. Let p be 6 - 11 - (w - 0). Let n(m) be the third derivative of -m**4/24 - 12*m**2. Determine n(p).
6
Let k(s) = s**2 - 13*s - 44. Let q be k(17). Suppose 5*r - r = -q. Let y(p) = p**2 + 9*p - 1. Calculate y(r).
-19
Let x(k) = 3*k**2 + 4 + k**2 + 4*k + 4*k. Suppose -17*o - 13*o - 90 = 0. Let n(h) = -3*h**2 - 8*h - 4. Let p(y) = o*n(y) - 2*x(y). What is p(-6)?
-8
Suppose 5*m - 9*m + 4 = -4*w, 4*m - 2*w - 10 = 0. Let g(o) = o - 10. What is g(m)?
-6
Let r(o) = 6*o**2 - o + 10. Let w(m) = -5*m**2 + m - 9. Let n(q) = 4*r(q) + 5*w(q). Let a(b) = -b**2 + 2*b - 5. Let g(v) = -6*a(v) + 7*n(v). What is g(-5)?
-5
Let o(y) = 3*y + 0 - y - 3*y + 2. Suppose 41*f + 55 = 52*f. Give o(f).
-3
Let t = 357 + -355. Let k(d) = -d**2 + d + 1. Let b(p) = 5*p**2 - 7*p - 4. Let h(v) = -b(v) - 6*k(v). Determine h(t).
4
Let w(f) = -f - 12. Let z be 1*(3 - 1) - -20. Suppose l - z = -31. Give w(l).
-3
Let j(l) = l**2 + 13*l - 2. Let b be j(-13). Let s(q) = 4*q**2 - q**3 + 5*q**3 + 3*q - 4*q**3 + q**3. What is s(b)?
2
Suppose 0*f = -4*s + 2*f + 6, 2*s - 1 = -f. Let u(v) = v. Let p(c) = -3 + 8 - 4. Let l(q) = -p(q) + 5*u(q). Determine l(s).
4
Let k(o) = -9 - o**2 + 2*o**2 - 7*o + 0*o**2. Let w = 63 - 56. Determine k(w).
-9
Let n(h) = 0*h + 14 - 2*h - 8 + 14. Give n(9).
2
Let r(c) = -6*c + 12. Let d(v) = 3*v - 5. Let b(y) = 13*d(y) + 6*r(y). Let k(g) = -g**3 + g**2 + 4*g. Let f be k(3). Give b(f).
-11
Let j(s) be the second derivative of -s**4/12 - s**3/3 + s**2/2 + 47*s + 2. What is j(-9)?
-62
Suppose 28*l = -5*l - 264. Let d(n) = -n**2 - 4*n + 34. Give d(l).
2
Let b(l) be the first derivative of l**3/3 - 3*l**2/2 - 4*l + 7. What is b(5)?
6
Let c(b) be the first derivative of -4/3*b**3 - 4*b + 3/2*b**2 + 7 + 1/4*b**4. Give c(4).
8
Suppose 0 = -26*n + 30 + 48. Let k(g) = 2*g**2 - 9*g + 4. What is k(n)?
-5
Let a be 4/(-6) - (-2)/3. Let w(m) = 5*m**3 - 13*m**2 - 3*m - 2. Let k(h) = 3*h**3 - 8*h**2 - 2*h - 2. Let r(q) = 8*k(q) - 5*w(q). Calculate r(a).
-6
Let i(g) = -g**3 - 4*g**2 - 2*g. Suppose -4*b + 97 = -5*s, 0 = -3*b - 4*s + 8*s + 73. Suppose -9 = -20*x + b*x. Give i(x).
-3
Let y(d) be the first derivative of -2*d**3/3 + 11*d**2/2 + d + 474. Give y(8).
-39
Let q(d) = -2*d + 2*d + 4 + d. S